{"id":5295,"date":"2014-09-16T07:17:51","date_gmt":"2014-09-16T11:17:51","guid":{"rendered":"http:\/\/rainterra.net\/?page_id=5295"},"modified":"2014-09-16T07:17:51","modified_gmt":"2014-09-16T11:17:51","slug":"9-etapes-ou-guides","status":"publish","type":"page","link":"https:\/\/rainterra.net\/index.php\/a-propos\/terra-grove\/les-carnets\/carnet-ii\/9-etapes-ou-guides\/","title":{"rendered":"9 \u00e9tapes ou guides"},"content":{"rendered":"<p>Ces \u00e9tapes ont \u00e9t\u00e9 \u00e9labor\u00e9es sur un cycle d&rsquo;prendront au moins deux ans si vous les faites correctement.<\/p>\n<p>\u00c9TAPE UNE &#8211; D\u00e9couvrez votre sentier \u00a0Lisez et \u00e9tudiez tout ce qui vous pouvez qui vous renseignera sur l\u2019Art (revues, livres et pages Web). Et ce, m\u00eame si vos lectures se contredisent. Unifiez vous \u00e0 la nature. Lorsque vous aurez appris les principes de bases de ce qu\u2019est l\u2019Art, vous pourrez d\u00e9cider si vous d\u00e9sirez continuer ou non sur ce sentier.<\/p>\n<p>&#8212;&#8212;&#8212;&#8212;&#8212;&#8212;&#8212;&#8212;&#8212;&#8212;&#8212;&#8212;&#8212;&#8212;&#8212;&#8212;&#8212;&#8212;&#8212;&#8212;&#8212;&#8212;&#8212;&#8212;&#8212;&#8212;&#8211;<\/p>\n<p>\u00c9TAPE DEUX &#8211; d\u00e9finir votre sentier \u00a0Vous avez d\u00e9cid\u00e9 que ce sentier \u00e9tait pour vous? D\u00e9butez un cahier ou un journal en y d\u00e9crivant les raisons pour lesquelles le m\u00e9tier est pour vous. Qu\u2019est-ce que cela signifie pour vous? Qu&rsquo;esp\u00e9rez-vous r\u00e9aliser? Comment visualisez-vous le Dieu et la D\u00e9esse? Qu\u2019est-ce que le divin repr\u00e9sente pour vous? Soyez honn\u00eate. Ce cahier deviendra votre livre de note personnel.<\/p>\n<p>&#8212;&#8212;&#8212;&#8212;&#8212;&#8212;&#8212;&#8212;&#8212;&#8212;&#8212;&#8212;&#8212;&#8212;&#8212;&#8212;&#8212;&#8212;&#8212;&#8212;&#8212;&#8212;&#8212;&#8212;&#8212;&#8212;&#8211;<\/p>\n<p>\u00c9TAPE TROIS \u2013 explorer la magie \u00a0Avant de d\u00e9buter l\u2019exploration de la magie, prenez soins d\u2019avoir compl\u00e9t\u00e9 les deux premi\u00e8res \u00e9tapes. La magie n\u2019est pas \u00e0 prendre \u00e0 la l\u00e9g\u00e8re. Vous devez conna\u00eetre les bases des rituels, charmes, invocation\u2026 vous \u00e9t\u00e9s responsable de vos actions.<\/p>\n<p>&#8212;&#8212;&#8212;&#8212;&#8212;&#8212;&#8212;&#8212;&#8212;&#8212;&#8212;&#8212;&#8212;&#8212;&#8212;&#8212;&#8212;&#8212;&#8212;&#8212;&#8212;&#8212;&#8212;&#8212;&#8212;&#8212;&#8211;<\/p>\n<p>\u00c9TAPE QUATRE \u2013 apprendre \u00e0 focaliser \u00a0La m\u00e9ditation et la visualisation sont importantes pour vous aider \u00e0 augmenter votre concentration. Lorsque votre concentration augmente, votre pouvoir augmente. Prenez note de vos exp\u00e9riences dans votre journal<\/p>\n<p>&#8212;&#8212;&#8212;&#8212;&#8212;&#8212;&#8212;&#8212;&#8212;&#8212;&#8212;&#8212;&#8212;&#8212;&#8212;&#8212;&#8212;&#8212;&#8212;&#8212;&#8212;&#8212;&#8212;&#8212;&#8212;&#8212;&#8211;<\/p>\n<p>\u00c9TAPE CINQ \u2013 travailler la magie\u00a0 \u00a0A cette \u00e9tape, vous pouvez effectuer un certain travail de base. Commencez par un rituel de pleine lune ou de nouvelle lune. Chaque sorci\u00e8re devrait \u00e9crire ses propres rituels et exp\u00e9riences dans son journal.<\/p>\n<p>&#8212;&#8212;&#8212;&#8212;&#8212;&#8212;&#8212;&#8212;&#8212;&#8212;&#8212;&#8212;&#8212;&#8212;&#8212;&#8212;&#8212;&#8212;&#8212;&#8212;&#8212;&#8212;&#8212;&#8212;&#8212;&#8212;&#8211;<\/p>\n<p>\u00c9TAPE SIX \u2013 d\u00e9dicace de soi \u00a0Vous atteignez cette \u00e9tape lorsque vous vous sentez pr\u00eat. Personne ne peut d\u00e9cider \u00e0 votre place si vous \u00eates pr\u00eats. Vous pouvez \u00e9crire votre propre rituel de d\u00e9dicace ou utiliser un rituel existant. Gardez les notes de ce rituel dans votre journal.<\/p>\n<p>&#8212;&#8212;&#8212;&#8212;&#8212;&#8212;&#8212;&#8212;&#8212;&#8212;&#8212;&#8212;&#8212;&#8212;&#8212;&#8212;&#8212;&#8212;&#8212;&#8212;&#8212;&#8212;&#8212;&#8212;&#8212;&#8212;&#8211;<\/p>\n<p>\u00c9TAPE SEPT &#8211; l&rsquo;ann\u00e9e de r\u00e9flexion \u00a0Passez l\u2019ann\u00e9e entre votre d\u00e9dicace et votre initiation \u00e0 c\u00e9l\u00e9brer les esbats &amp; Sabbats, m\u00e9diter, pratiquer vos rituels et \u00e9tudier. Passez ce temps \u00e0 vous renseigner sur diff\u00e9rentes formes de divination et les diff\u00e9rentes formes de gu\u00e9risons comme l\u2019herboristerie. Prenez toujours le soin de garder vos notes dans votre journal.<\/p>\n<p>&#8212;&#8212;&#8212;&#8212;&#8212;&#8212;&#8212;&#8212;&#8212;&#8212;&#8212;&#8212;&#8212;&#8212;&#8212;&#8212;&#8212;&#8212;&#8212;&#8212;&#8212;&#8212;&#8212;&#8212;&#8212;&#8212;&#8211;<\/p>\n<p>\u00c9TAPE HUIT \u2013 le regroupement\u00a0 \u00a0Vous devriez passer une ann\u00e9e d\u2019\u00e9tude solitaire avant de penser a joindre ou de fonder un groupe, covent ou un cercle. Ceci vous donne une ann\u00e9e compl\u00e8te pour c\u00e9l\u00e9brer le cycle de Sabbats.<\/p>\n<p>&#8212;&#8212;&#8212;&#8212;&#8212;&#8212;&#8212;&#8212;&#8212;&#8212;&#8212;&#8212;&#8212;&#8212;&#8212;&#8212;&#8212;&#8212;&#8212;&#8212;&#8212;&#8212;&#8212;&#8212;&#8212;&#8212;&#8211;<\/p>\n<p>\u00c9TAPE NEUF \u2013 L\u2019initiation\u00a0 \u00a0L\u2019initiation devrait \u00eatre quelque chose de significatif et personnel. Le rituel peut \u00eatre \u00e9crit par vous ou pouvez utiliser un rituel existant. Une initiation en cercle peut \u00eatre un moyen d\u2019unifier les membres du groupe. Gardez le tout en votre journal<\/p>\n<p>&#8212;&#8212;&#8212;&#8212;&#8212;&#8212;&#8212;&#8212;&#8212;&#8212;&#8212;&#8212;&#8212;&#8212;&#8212;&#8212;&#8212;&#8212;&#8212;&#8212;&#8212;&#8212;&#8212;&#8212;&#8212;&#8212;&#8211;<\/p>\n<p>Vous devez continuer d\u2019apprendre et encore pratiquer. Si vous d\u00e9sirez vraiment \u00eatre une sorci\u00e8re soyez pr\u00eat \u00e0 passer le reste de votre vie \u00e0 \u00e9tudier et vous renseigner sur cet Art et religion<\/p>\n","protected":false},"excerpt":{"rendered":"<p>Ces \u00e9tapes ont \u00e9t\u00e9 \u00e9labor\u00e9es sur un cycle d&rsquo;prendront au moins deux ans si vous les faites correctement. \u00c9TAPE UNE &#8211; D\u00e9couvrez votre sentier \u00a0Lisez et \u00e9tudiez tout ce qui vous pouvez qui vous renseignera sur l\u2019Art (revues, livres et &hellip; <a href=\"https:\/\/rainterra.net\/index.php\/a-propos\/terra-grove\/les-carnets\/carnet-ii\/9-etapes-ou-guides\/\">Continuer la lecture <span class=\"meta-nav\">&rarr;<\/span><\/a><\/p>\n","protected":false},"author":1,"featured_media":5289,"parent":110,"menu_order":0,"comment_status":"open","ping_status":"open","template":"","meta":{"footnotes":""},"class_list":["post-5295","page","type-page","status-publish","has-post-thumbnail","hentry"],"_links":{"self":[{"href":"https:\/\/rainterra.net\/index.php\/wp-json\/wp\/v2\/pages\/5295","targetHints":{"allow":["GET"]}}],"collection":[{"href":"https:\/\/rainterra.net\/index.php\/wp-json\/wp\/v2\/pages"}],"about":[{"href":"https:\/\/rainterra.net\/index.php\/wp-json\/wp\/v2\/types\/page"}],"author":[{"embeddable":true,"href":"https:\/\/rainterra.net\/index.php\/wp-json\/wp\/v2\/users\/1"}],"replies":[{"embeddable":true,"href":"https:\/\/rainterra.net\/index.php\/wp-json\/wp\/v2\/comments?post=5295"}],"version-history":[{"count":0,"href":"https:\/\/rainterra.net\/index.php\/wp-json\/wp\/v2\/pages\/5295\/revisions"}],"up":[{"embeddable":true,"href":"https:\/\/rainterra.net\/index.php\/wp-json\/wp\/v2\/pages\/110"}],"wp:featuredmedia":[{"embeddable":true,"href":"https:\/\/rainterra.net\/index.php\/wp-json\/"}],"wp:attachment":[{"href":"https:\/\/rainterra.net\/index.php\/wp-json\/wp\/v2\/media?parent=5295"}],"curies":[{"name":"wp","href":"https:\/\/api.w.org\/{rel}","templated":true}]}}